u(17) is divided by 55.
52
Let z(k) = -k**3 - 8*k**2 + 8*k + 17. Let l be z(-9). Calculate the remainder when l/(3 + -1) - 4 is divided by 2.
1
Let g = 316 + -232. Calculate the remainder when (-7*(-488)/g)/(4/6) is divided by 29.
3
Suppose 348 = 3*w - 3*f, w - 2*f = -23 + 134. Let c = w + 2. Calculate the remainder when c is divided by 48.
27
Let p = 277 - 324. Let o = p - -57. What is the remainder when 47 is divided by o?
7
Let b = 768 - 71. What is the remainder when b is divided by 229?
10
Let j(p) = -p**2 - 14*p - 1. Let w = 98 + -99. Let c(d) = 13*d**3 - 7*d - 6. Let o be c(w). What is the remainder when j(o) is divided by 14?
9
Let c = -330 + 2056. What is the remainder when c is divided by 12?
10
What is the remainder when (29142/48)/((-4)/(-32)) is divided by 60?
57
Suppose 300*n - r = 295*n + 3732, -n = -4*r - 773. Calculate the remainder when n is divided by 245.
10
Suppose 4 = 2*x + 2*x. Suppose -4*w - 3*m + x = 0, -2*w - 3*m = 4 + 3. What is the remainder when (-2223)/(-26)*(-3 - 348/(-108)) is divided by w?
3
Let w = -378 - -567. Let p = w + -164. What is the remainder when 247 is divided by p?
22
Let z = 68 - 35. What is the remainder when -2*6/60 - 10448/(-40) is divided by z?
30
Suppose 0 = -5*n - 282 + 767. What is the remainder when n is divided by (-348)/(-20) - (-2)/(-5)?
12
Suppose -2*z - j = -525, 239 = -3*z + 3*j + 1013. Calculate the remainder when z is divided by 167.
94
Suppose 2*d = 0, 287 = 65*q - 64*q - 10*d. What is the remainder when 393 is divided by q?
106
Suppose -4*b = 2*a - 205 - 169, -5*a + 71 = b. What is the remainder when 279 is divided by b?
87
Suppose 7*q - 636 = -685. Suppose 0*l - 16 = l. Let h = q - l. Calculate the remainder when h is divided by 6.
3
Suppose -4*a - p + 27 = -0*p, 3*a - 3*p = 9. Let b(f) = 2*f - 15. Let n be b(12). What is the remainder when a/n - 873/(-27) is divided by 7?
5
Let i(r) = r**2 + 5*r + 25. Suppose a - 3*n - 9 = 0, 3*n + 9 = -a + 24. Calculate the remainder when i(a) is divided by 46.
45
Suppose 2390 = 74*t + 94*t - 3154. Calculate the remainder when 318 is divided by t.
21
Let n be 37/7 + (-4)/14. Let l(j) = 25*j + 24. Let u = -10 + 25. What is the remainder when l(n) is divided by u?
14
Suppose -8*q - 43 = -4*u - 9*q, 5*q = 4*u - 49. What is the remainder when 19 is divided by u?
8
Suppose 0 = 9*m - 38 + 2. Let b = 60 - 33. What is the remainder when (-1216)/(-12) - m/12 - -4 is divided by b?
24
Suppose -3115 = -3*q + 84*j - 80*j, 2*q - 2072 = 5*j. What is the remainder when q is divided by 476?
89
What is the remainder when 2012 is divided by (4 + -3)*(-21 - -23) + 59?
60
Let w(b) = -48 - 34 - 12*b - 314 - 5*b + b. Calculate the remainder when 23 is divided by w(-25).
3
Suppose 0 = -22*t + 18*t + 3*m + 137, 0 = -4*t - m + 157. What is the remainder when 257 is divided by t?
29
What is the remainder when 945 is divided by (1 + 1 + 1)*8*6545/840?
10
Suppose 14 = 67*w - 60*w. Let h be 0/((2/1)/2). Suppose w*m = 3*x - 35, -2*m = 5*x - h*m - 53. What is the remainder when 32 is divided by x?
10
Suppose 2*s + 48 = 10*s. Let p be 20 - 7/(21/6). Calculate the remainder when s is divided by (-24)/p*(-9)/4.
0
Let a be 1*(-2 - (-7 - 0)). Suppose a*n + 27 = 2*r, -2*n + 0*n = r. Suppose 11*v = r*v + 65. Calculate the remainder when 35 is divided by v.
9
Let r = -9837 - -10842. Calculate the remainder when r is divided by 82.
21
Let v(p) = -3*p + 11. Let l(g) = -g + 5. Let c(j) = 9*l(j) - 4*v(j). Let s be c(1). Calculate the remainder when 22 is divided by s - (4/(-6))/((-3)/(-9)).
4
Let i(w) = -1 + 2 - 8*w**2 - 2*w + 16*w**2 - 7*w**2 + 8*w**3 + 0. Suppose -j + 5 = 4*j. What is the remainder when 21 is divided by i(j)?
5
Suppose -28*m + 2200 = -1473 - 639. Calculate the remainder when 1504 is divided by m.
118
Suppose 2631 = 5*t + q, -q - 1088 = -4*t + 1015. Suppose 15*n + 46 - t = 0. Calculate the remainder when 110 is divided by n.
14
Let w(r) = -r**2 + 5*r + 1. Let x = 70 + -28. Let m = -40 + x. Calculate the remainder when m is divided by w(5).
0
Calculate the remainder when (((-224)/(-35))/2)/(4/290)*2 is divided by 81.
59
Let m(p) = -p**3 - 2*p**2 + 41*p - 3. Let g = -710 - -1006. What is the remainder when g is divided by m(5)?
26
Suppose -5*l - u + 134 + 228 = 0, -l - 4*u + 80 = 0. Suppose -1797 + 9317 = 19*x - 6122. Calculate the remainder when x is divided by l.
70
Let p be (-1 - 3/(-6))/((-1)/48). Let x = -81 + 85. Calculate the remainder when 25/(-10)*p/(-10) is divided by x.
2
Suppose 10*u = 5*u + 130. Let k(f) = -f**3 - 6*f**2 + 6*f + 19. Calculate the remainder when u is divided by k(0).
7
Let z(s) = 45*s**2 + 92*s + 24. Let u be (-4)/(-2) - (-2 + 1). Suppose 5*x = u*x + 78. Calculate the remainder when z(-3) is divided by x.
36
Let k(n) be the second derivative of n**4/12 + 4*n**3 - 63*n**2/2 - 34*n. What is the remainder when 124 is divided by k(-27)?
16
Suppose -4*g + 70*a = 68*a - 202, 5*a = 3*g - 148. What is the remainder when 49/3*(11 - 2) is divided by g?
45
Suppose -69 + 24 = 3*h. Let q(n) be the second derivative of -5*n**3/6 - 12*n**2 + 23*n + 2. Calculate the remainder when q(h) is divided by 11.
7
Let d(u) = -1025*u**2 - 5129*u - 9. Let f(k) = -k**3 - k**2 + 2*k - 2. What is the remainder when d(-5) is divided by f(-3)?
1
Let a = -7230 - -7286. What is the remainder when 666 is divided by a?
50
Suppose 2*q - 5*d = 24, d - 20 = q - 26. Suppose -7 - 27 = -q*g. Calculate the remainder when 407 is divided by g.
16
Suppose 3*q - 444 = w, 7*w - 4*q = 12*w + 2315. Let k = w + 776. Calculate the remainder when k is divided by 53.
52
Suppose 1194 + 24296 = 10*j. What is the remainder when j is divided by 61?
48
Suppose -5*i + 8*i - 261 = 0. Let k = i - 74. Let l = -67 + 104. What is the remainder when l is divided by k?
11
Let z = 5 - 5. Suppose -4*b + 329 - 65 = z. Suppose -699 = -34*i + 457. What is the remainder when b is divided by i?
32
Let z(f) = -f**3 - 12*f**2 - 10*f + 150. Suppose -5*b = 2*u - 493, u + 70 = 5*b - 426. What is the remainder when b is divided by z(-10)?
49
Let j(z) = 306*z + 1399. What is the remainder when 841 is divided by j(-4)?
141
Suppose 5*k + 4*j = 1979, -75*k = -76*k - 3*j + 398. Calculate the remainder when 2378 is divided by k.
8
Suppose m - 30 = -4*u, 0 = 3*m + 2*u + 2*u - 90. Suppose -l - 20 = -m. What is the remainder when 94/2 - (-6 + 5) is divided by l?
8
Suppose -k + 195 = 3*f, 34*f - 33*f = -4*k + 758. What is the remainder when k is divided by 655/35 + -1 + 9/7?
18
Let o = 32045 + -31375. What is the remainder when o is divided by 16?
14
Suppose 0 = -10*x - 5*c + 495, -8*c + 11*c + 176 = 5*x. Let n(p) = 11*p**2 + 4*p + 2. Calculate the remainder when x is divided by n(-2).
5
Let m = 224 - 259. What is the remainder when m/(-10)*138/21 is divided by 3?
2
Let h = -357 + 359. Suppose 0 = 3*s - 3*g - 42, h*g - 12 = -2*s - 0*g. Calculate the remainder when 51 is divided by s.
1
Let v = -318 + 49. Let i = 277 + v. Calculate the remainder when 15 is divided by i.
7
Let f be 2 + 84125/325 + 4/26. Let a = f - 244. Let x = 289 - 190. Calculate the remainder when x is divided by a.
14
Suppose 0 = -r - 3*l + 249 - 158, -5*l = 2*r - 181. Let q = -4 - -5. What is the remainder when r is divided by (0 + q)/(1/23)?
19
Let o be 8/(-12)*(-2 + -4 + 3). Let g = o + -4. Calculate the remainder when 179 is divided by (-45)/g*(-2)/(-1).
44
Suppose u + 121 = w, -4*w - 60 = -2*u - 292. Let i = u + 132. Calculate the remainder when 82 is divided by i.
4
Calculate the remainder when 280 is divided by (-6 + 124)/2 - -8.
12
Suppose -276*d + 1114 + 498 + 1148 = 0. What is the remainder when 636 is divided by d?
6
Suppose 2*k - 167 = 847. Let v = k + -494. Calculate the remainder when -2*(-29 + (-4 - -2)) is divided by v.
10
Suppose 4*a - 33 = -53. Let g(w) = 2*w**2 + 5*w - 4. Calculate the remainder when (2 - (-48)/(-21)) + (-3983)/(-49) is divided by g(a).
18
Let h be 0/(2 + 5 + -10). Suppose h = 18*f + 2*f - 320. Calculate the remainder when 62 is divided by f.
14
Let o(q) = -4*q**2 + 67*q + 39. What is the remainder when 416 is divided by o(3)?
8
Let a(d) = 17*d**2 - 3. Let k be a(2). Suppose 8*r - 13*r = -k. Suppose z - 2 - 2 = 0. What is the remainder when r is divided by z?
1
Let s = -56 + 63. Let d = 65 - 104. Let t = 8 - d. Calculate t